{"id":3,"date":"2023-04-04T14:20:58","date_gmt":"2023-04-04T14:20:58","guid":{"rendered":"http:\/\/zionbr.com\/wifi\/?page_id=3"},"modified":"2023-08-29T18:50:56","modified_gmt":"2023-08-29T18:50:56","slug":"politica-de-privacidade","status":"publish","type":"page","link":"https:\/\/zionbr.com\/wifi\/politica-de-privacidade\/","title":{"rendered":"POL\u00cdTICA DE PRIVACIDADE"},"content":{"rendered":"\n<p>A Pol\u00edtica de Privacidade a seguir descreve como a empresa ZION, respons\u00e1vel pelo site institucional com dom\u00ednio https:\/\/zionbr.com, coleta, utiliza e protege as informa\u00e7\u00f5es pessoais dos usu\u00e1rios do site, de acordo com as disposi\u00e7\u00f5es da Lei Geral de Prote\u00e7\u00e3o de Dados (LGPD), lei 13.709\/18 e outras legisla\u00e7\u00f5es aplic\u00e1veis. Ao acessar e utilizar nosso site e chatbot, voc\u00ea concorda com os termos desta Pol\u00edtica de Privacidade.<\/p>\n\n\n\n<p><strong>I) INFORMA\u00c7\u00d5ES COLETAS:<br><\/strong>1.1. A ZION poder\u00e1 coletar as seguintes informa\u00e7\u00f5es pessoais atrav\u00e9s do WhatsApp\/Chatbot vinculado ao Site e de formul\u00e1rios inclu\u00eddos no site, para fins de gera\u00e7\u00e3o de leads (potencial cliente) e contato:<br>\u25cf Nome completo;<br>\u25cf Endere\u00e7o de e-mail;<br>\u25cf N\u00famero de telefone;<br>\u25cf Informa\u00e7\u00f5es relacionadas \u00e0 empresa;<br>\u25cf Mensagens e intera\u00e7\u00f5es no Chatbot ou WhatsApp vinculado ao site;<br>\u25cf Dados de cookies de rastreamento para melhorar a experi\u00eancia do usu\u00e1rio;<\/p>\n\n\n\n<p><strong>II) USO DAS INFORMA\u00c7\u00d5ES:<br><\/strong>2.1. As informa\u00e7\u00f5es coletadas ser\u00e3o utilizadas pela ZION para os seguintes prop\u00f3sitos:<br>\u25cf Fornecer informa\u00e7\u00f5es sobre nossos produtos e servi\u00e7os<br>\u25cf Processar solicita\u00e7\u00f5es de loca\u00e7\u00e3o e instala\u00e7\u00e3o de equipamentos de rede WiFi<br>\u25cf Melhorar nossos produtos, servi\u00e7os e experi\u00eancia do usu\u00e1rio<br>\u25cf Entrar em contato para fins de marketing e promo\u00e7\u00e3o<br>\u25cf Cumprir obriga\u00e7\u00f5es legais e regulat\u00f3rias<\/p>\n\n\n\n<p><strong>III) COMPARTILHAMENTO DE INFORMA\u00c7\u00d5ES:<br><\/strong>3.1. A ZION poder\u00e1 compartilhar informa\u00e7\u00f5es pessoais com terceiros apenas nas seguintes circunst\u00e2ncias:<br>\u25cf Com prestadores de servi\u00e7os que auxiliam na opera\u00e7\u00e3o do site e na presta\u00e7\u00e3o de servi\u00e7os, mediante compromisso de confidencialidade.<br>\u25cf Com autoridades governamentais, caso seja necess\u00e1rio cumprir obriga\u00e7\u00f5es legais.<\/p>\n\n\n\n<p><strong>IV) CONSENTIMENTO:<br><\/strong>4.1. Ao marcar a op\u00e7\u00e3o &#8220;Aceito a pol\u00edtica de LGPD&#8221;, voc\u00ea consente explicitamente com a coleta, uso e tratamento de suas informa\u00e7\u00f5es pessoais e demais disposi\u00e7\u00f5es descritas nesta Pol\u00edtica de Privacidade bem como assume ser maior de idade e com capacidade civil para todos os atos da vida civil, conforme previsto na legisla\u00e7\u00e3o.<\/p>\n\n\n\n<p><strong>V) ARMAZENAMENTO E SEGURAN\u00c7A:<br><\/strong>5.1. A ZION adota medidas de seguran\u00e7a adequadas para proteger as informa\u00e7\u00f5es pessoais dos usu\u00e1rios, incluindo medidas f\u00edsicas, t\u00e9cnicas e administrativas, a fim de evitar acesso n\u00e3o autorizado, divulga\u00e7\u00e3o, altera\u00e7\u00e3o, destrui\u00e7\u00e3o ou uso inadequado dos dados.<br>5.2 Se porventura ocorrer algum vazamento no que tange aos dados coletados no site ou Chatbot\/WhatsApp vinculados a comunica\u00e7\u00e3o ao titular dos dados ser\u00e1 comunicado na forma do regulamento interno da ZION, em at\u00e9 48 horas.<\/p>\n\n\n\n<p><strong>VI) DIREITOS DOS TITULARES:<br><\/strong>6.1. Em observ\u00e2ncia a LGPD, os titulares dos dados vinculados ao site e Chatbot\/WhatsApp t\u00eam direito a acessar, corrigir, atualizar e solicitar a exclus\u00e3o de suas informa\u00e7\u00f5es pessoais.<br>6.2. Para exercer esses direitos ou para obter mais informa\u00e7\u00f5es sobre as pr\u00e1ticas de privacidade da ZION , entre em contato conosco por meio das informa\u00e7\u00f5es fornecidas logo<br>abaixo.<\/p>\n\n\n\n<p><strong>VII) CONTATO:<br><\/strong>7.1 Para entrar em contato com a ZION sobre quest\u00f5es relacionadas a esta Pol\u00edtica de<br>Privacidade ou sobre o tratamento de suas informa\u00e7\u00f5es pessoais, voc\u00ea pode utilizar o<br>seguinte e-mail: administrativo@zion.com.br.<\/p>\n\n\n\n<p><strong>VIII) ALTERA\u00c7\u00d5ES NA POL\u00cdTICA DE PRIVACIDADE:<br><\/strong>8.1. A ZION reserva o direito de atualizar esta Pol\u00edtica de Privacidade periodicamente.<br>8.2. Quaisquer altera\u00e7\u00f5es ser\u00e3o publicadas no site, recomendamos que voc\u00ea revise regularmente esta pol\u00edtica para se manter informado sobre como suas informa\u00e7\u00f5es est\u00e3o sendo tratadas.<\/p>\n\n\n\n<p>Ao utilizar nosso site e fornecer suas informa\u00e7\u00f5es, voc\u00ea reconhece que leu, entendeu e concorda com os termos desta Pol\u00edtica de Privacidade. Se voc\u00ea n\u00e3o concorda com esta pol\u00edtica, por favor, n\u00e3o utilize nosso site nem forne\u00e7a suas informa\u00e7\u00f5es pessoais por meio do chatbot do WhatsApp.<\/p>\n","protected":false},"excerpt":{"rendered":"<p>A Pol\u00edtica de Privacidade a seguir descreve como a empresa ZION, respons\u00e1vel pelo site institucional com dom\u00ednio https:\/\/zionbr.com, coleta, utiliza e protege as informa\u00e7\u00f5es pessoais dos usu\u00e1rios do site, de acordo com as disposi\u00e7\u00f5es da Lei Geral de Prote\u00e7\u00e3o de Dados (LGPD), lei 13.709\/18 e outras legisla\u00e7\u00f5es aplic\u00e1veis. Ao acessar e utilizar nosso site e&hellip;&nbsp;<a href=\"https:\/\/zionbr.com\/wifi\/politica-de-privacidade\/\" rel=\"bookmark\">Continue a ler &raquo;<span class=\"screen-reader-text\">POL\u00cdTICA DE PRIVACIDADE<\/span><\/a><\/p>\n","protected":false},"author":1,"featured_media":0,"parent":0,"menu_order":0,"comment_status":"closed","ping_status":"open","template":"","meta":{"_eb_attr":"","neve_meta_sidebar":"","neve_meta_container":"contained","neve_meta_enable_content_width":"","neve_meta_content_width":0,"neve_meta_title_alignment":"","neve_meta_author_avatar":"","neve_post_elements_order":"","neve_meta_disable_header":"","neve_meta_disable_footer":"","neve_meta_disable_title":"","_themeisle_gutenberg_block_has_review":false,"footnotes":""},"class_list":["post-3","page","type-page","status-publish","hentry"],"yoast_head":"<!-- This site is optimized with the Yoast SEO plugin v27.2 - https:\/\/yoast.com\/product\/yoast-seo-wordpress\/ -->\n<title>POL\u00cdTICA DE PRIVACIDADE - Zion Wifi<\/title>\n<meta name=\"robots\" content=\"index, follow, max-snippet:-1, max-image-preview:large, max-video-preview:-1\" \/>\n<link rel=\"canonical\" href=\"https:\/\/zionbr.com\/wifi\/politica-de-privacidade\/\" \/>\n<meta property=\"og:locale\" content=\"pt_BR\" \/>\n<meta property=\"og:type\" content=\"article\" \/>\n<meta property=\"og:title\" content=\"POL\u00cdTICA DE PRIVACIDADE - Zion Wifi\" \/>\n<meta property=\"og:description\" content=\"A Pol\u00edtica de Privacidade a seguir descreve como a empresa ZION, respons\u00e1vel pelo site institucional com dom\u00ednio https:\/\/zionbr.com, coleta, utiliza e protege as informa\u00e7\u00f5es pessoais dos usu\u00e1rios do site, de acordo com as disposi\u00e7\u00f5es da Lei Geral de Prote\u00e7\u00e3o de Dados (LGPD), lei 13.709\/18 e outras legisla\u00e7\u00f5es aplic\u00e1veis. Ao acessar e utilizar nosso site e&hellip;&nbsp;Continue a ler &raquo;POL\u00cdTICA DE PRIVACIDADE\" \/>\n<meta property=\"og:url\" content=\"https:\/\/zionbr.com\/wifi\/politica-de-privacidade\/\" \/>\n<meta property=\"og:site_name\" content=\"Zion Wifi\" \/>\n<meta property=\"article:publisher\" content=\"https:\/\/www.facebook.com\/zionwifibr\" \/>\n<meta property=\"article:modified_time\" content=\"2023-08-29T18:50:56+00:00\" \/>\n<meta name=\"twitter:card\" content=\"summary_large_image\" \/>\n<meta name=\"twitter:label1\" content=\"Est. tempo de leitura\" \/>\n\t<meta name=\"twitter:data1\" content=\"3 minutos\" \/>\n<script type=\"application\/ld+json\" class=\"yoast-schema-graph\">{\"@context\":\"https:\/\/schema.org\",\"@graph\":[{\"@type\":\"WebPage\",\"@id\":\"https:\/\/zionbr.com\/wifi\/politica-de-privacidade\/\",\"url\":\"https:\/\/zionbr.com\/wifi\/politica-de-privacidade\/\",\"name\":\"POL\u00cdTICA DE PRIVACIDADE - Zion Wifi\",\"isPartOf\":{\"@id\":\"https:\/\/zionbr.com\/wifi\/#website\"},\"datePublished\":\"2023-04-04T14:20:58+00:00\",\"dateModified\":\"2023-08-29T18:50:56+00:00\",\"breadcrumb\":{\"@id\":\"https:\/\/zionbr.com\/wifi\/politica-de-privacidade\/#breadcrumb\"},\"inLanguage\":\"pt-BR\",\"potentialAction\":[{\"@type\":\"ReadAction\",\"target\":[\"https:\/\/zionbr.com\/wifi\/politica-de-privacidade\/\"]}]},{\"@type\":\"BreadcrumbList\",\"@id\":\"https:\/\/zionbr.com\/wifi\/politica-de-privacidade\/#breadcrumb\",\"itemListElement\":[{\"@type\":\"ListItem\",\"position\":1,\"name\":\"In\u00edcio\",\"item\":\"https:\/\/zionbr.com\/wifi\/\"},{\"@type\":\"ListItem\",\"position\":2,\"name\":\"POL\u00cdTICA DE PRIVACIDADE\"}]},{\"@type\":\"WebSite\",\"@id\":\"https:\/\/zionbr.com\/wifi\/#website\",\"url\":\"https:\/\/zionbr.com\/wifi\/\",\"name\":\"Zion Wifi\",\"description\":\"Sua internet muito al\u00e9m do que voc\u00ea espera!\",\"publisher\":{\"@id\":\"https:\/\/zionbr.com\/wifi\/#organization\"},\"potentialAction\":[{\"@type\":\"SearchAction\",\"target\":{\"@type\":\"EntryPoint\",\"urlTemplate\":\"https:\/\/zionbr.com\/wifi\/?s={search_term_string}\"},\"query-input\":{\"@type\":\"PropertyValueSpecification\",\"valueRequired\":true,\"valueName\":\"search_term_string\"}}],\"inLanguage\":\"pt-BR\"},{\"@type\":\"Organization\",\"@id\":\"https:\/\/zionbr.com\/wifi\/#organization\",\"name\":\"Zion Wifi\",\"url\":\"https:\/\/zionbr.com\/wifi\/\",\"logo\":{\"@type\":\"ImageObject\",\"inLanguage\":\"pt-BR\",\"@id\":\"https:\/\/zionbr.com\/wifi\/#\/schema\/logo\/image\/\",\"url\":\"https:\/\/zionbr.com\/wifi\/wp-content\/uploads\/2023\/04\/cropped-logo-zion-site.png\",\"contentUrl\":\"https:\/\/zionbr.com\/wifi\/wp-content\/uploads\/2023\/04\/cropped-logo-zion-site.png\",\"width\":200,\"height\":99,\"caption\":\"Zion Wifi\"},\"image\":{\"@id\":\"https:\/\/zionbr.com\/wifi\/#\/schema\/logo\/image\/\"},\"sameAs\":[\"https:\/\/www.facebook.com\/zionwifibr\",\"https:\/\/www.instagram.com\/zionwifibr\/\"]}]}<\/script>\n<!-- \/ Yoast SEO plugin. -->","yoast_head_json":{"title":"POL\u00cdTICA DE PRIVACIDADE - Zion Wifi","robots":{"index":"index","follow":"follow","max-snippet":"max-snippet:-1","max-image-preview":"max-image-preview:large","max-video-preview":"max-video-preview:-1"},"canonical":"https:\/\/zionbr.com\/wifi\/politica-de-privacidade\/","og_locale":"pt_BR","og_type":"article","og_title":"POL\u00cdTICA DE PRIVACIDADE - Zion Wifi","og_description":"A Pol\u00edtica de Privacidade a seguir descreve como a empresa ZION, respons\u00e1vel pelo site institucional com dom\u00ednio https:\/\/zionbr.com, coleta, utiliza e protege as informa\u00e7\u00f5es pessoais dos usu\u00e1rios do site, de acordo com as disposi\u00e7\u00f5es da Lei Geral de Prote\u00e7\u00e3o de Dados (LGPD), lei 13.709\/18 e outras legisla\u00e7\u00f5es aplic\u00e1veis. Ao acessar e utilizar nosso site e&hellip;&nbsp;Continue a ler &raquo;POL\u00cdTICA DE PRIVACIDADE","og_url":"https:\/\/zionbr.com\/wifi\/politica-de-privacidade\/","og_site_name":"Zion Wifi","article_publisher":"https:\/\/www.facebook.com\/zionwifibr","article_modified_time":"2023-08-29T18:50:56+00:00","twitter_card":"summary_large_image","twitter_misc":{"Est. tempo de leitura":"3 minutos"},"schema":{"@context":"https:\/\/schema.org","@graph":[{"@type":"WebPage","@id":"https:\/\/zionbr.com\/wifi\/politica-de-privacidade\/","url":"https:\/\/zionbr.com\/wifi\/politica-de-privacidade\/","name":"POL\u00cdTICA DE PRIVACIDADE - Zion Wifi","isPartOf":{"@id":"https:\/\/zionbr.com\/wifi\/#website"},"datePublished":"2023-04-04T14:20:58+00:00","dateModified":"2023-08-29T18:50:56+00:00","breadcrumb":{"@id":"https:\/\/zionbr.com\/wifi\/politica-de-privacidade\/#breadcrumb"},"inLanguage":"pt-BR","potentialAction":[{"@type":"ReadAction","target":["https:\/\/zionbr.com\/wifi\/politica-de-privacidade\/"]}]},{"@type":"BreadcrumbList","@id":"https:\/\/zionbr.com\/wifi\/politica-de-privacidade\/#breadcrumb","itemListElement":[{"@type":"ListItem","position":1,"name":"In\u00edcio","item":"https:\/\/zionbr.com\/wifi\/"},{"@type":"ListItem","position":2,"name":"POL\u00cdTICA DE PRIVACIDADE"}]},{"@type":"WebSite","@id":"https:\/\/zionbr.com\/wifi\/#website","url":"https:\/\/zionbr.com\/wifi\/","name":"Zion Wifi","description":"Sua internet muito al\u00e9m do que voc\u00ea espera!","publisher":{"@id":"https:\/\/zionbr.com\/wifi\/#organization"},"potentialAction":[{"@type":"SearchAction","target":{"@type":"EntryPoint","urlTemplate":"https:\/\/zionbr.com\/wifi\/?s={search_term_string}"},"query-input":{"@type":"PropertyValueSpecification","valueRequired":true,"valueName":"search_term_string"}}],"inLanguage":"pt-BR"},{"@type":"Organization","@id":"https:\/\/zionbr.com\/wifi\/#organization","name":"Zion Wifi","url":"https:\/\/zionbr.com\/wifi\/","logo":{"@type":"ImageObject","inLanguage":"pt-BR","@id":"https:\/\/zionbr.com\/wifi\/#\/schema\/logo\/image\/","url":"https:\/\/zionbr.com\/wifi\/wp-content\/uploads\/2023\/04\/cropped-logo-zion-site.png","contentUrl":"https:\/\/zionbr.com\/wifi\/wp-content\/uploads\/2023\/04\/cropped-logo-zion-site.png","width":200,"height":99,"caption":"Zion Wifi"},"image":{"@id":"https:\/\/zionbr.com\/wifi\/#\/schema\/logo\/image\/"},"sameAs":["https:\/\/www.facebook.com\/zionwifibr","https:\/\/www.instagram.com\/zionwifibr\/"]}]}},"_links":{"self":[{"href":"https:\/\/zionbr.com\/wifi\/wp-json\/wp\/v2\/pages\/3","targetHints":{"allow":["GET"]}}],"collection":[{"href":"https:\/\/zionbr.com\/wifi\/wp-json\/wp\/v2\/pages"}],"about":[{"href":"https:\/\/zionbr.com\/wifi\/wp-json\/wp\/v2\/types\/page"}],"author":[{"embeddable":true,"href":"https:\/\/zionbr.com\/wifi\/wp-json\/wp\/v2\/users\/1"}],"replies":[{"embeddable":true,"href":"https:\/\/zionbr.com\/wifi\/wp-json\/wp\/v2\/comments?post=3"}],"version-history":[{"count":5,"href":"https:\/\/zionbr.com\/wifi\/wp-json\/wp\/v2\/pages\/3\/revisions"}],"predecessor-version":[{"id":912,"href":"https:\/\/zionbr.com\/wifi\/wp-json\/wp\/v2\/pages\/3\/revisions\/912"}],"wp:attachment":[{"href":"https:\/\/zionbr.com\/wifi\/wp-json\/wp\/v2\/media?parent=3"}],"curies":[{"name":"wp","href":"https:\/\/api.w.org\/{rel}","templated":true}]}}